{"id":804,"date":"2018-08-30T12:08:16","date_gmt":"2018-08-30T15:08:16","guid":{"rendered":"https:\/\/ensalberdi-cba.infd.edu.ar\/sitio\/datos-institucionales\/"},"modified":"2022-11-16T19:35:35","modified_gmt":"2022-11-16T22:35:35","slug":"datos-institucionales","status":"publish","type":"page","link":"https:\/\/ensalberdi-cba.infd.edu.ar\/sitio\/datos-institucionales\/","title":{"rendered":"Datos de contacto"},"content":{"rendered":"<blockquote><p><span style=\"font-family: verdana; font-size: 10pt;\">\u00a0<\/span><\/p>\n<ul>\n<li><span style=\"font-family: tahoma, arial, helvetica, sans-serif; color: #000000; font-size: 12pt;\">Escuela Normal Superior Juan Baustista Alberdi<br \/>\n<\/span><\/li>\n<li><span style=\"font-family: tahoma, arial, helvetica, sans-serif; color: #000000; font-size: 12pt;\">Horarios de atenci\u00f3n: 7.30 a 23.00 hs<\/span><\/li>\n<li><span style=\"font-family: tahoma, arial, helvetica, sans-serif; color: #000000; font-size: 12pt;\">Direcci\u00f3n: Espa\u00f1a 170\u00a0\u00a0 &#8211;\u00a0\u00a0 De\u00e1n Funes (Cba.)<br \/>\n<\/span><\/li>\n<li><span style=\"font-family: tahoma, arial, helvetica, sans-serif; color: #000000; font-size: 12pt;\">Tel\u00e9fonos: 03521-426220<br \/>\n<\/span><\/li>\n<li><span style=\"font-family: tahoma, arial, helvetica, sans-serif; color: #000000; font-size: 12pt;\">E-mail de consultas: ens_juan_b_alberdi@yahoo.com.ar<br \/>\n<\/span><\/li>\n<li><span style=\"font-family: verdana; font-size: 10pt;\"><span style=\"font-family: tahoma, arial, helvetica, sans-serif; color: #000000; font-size: 12pt;\">URL: http:\/\/ensalberdi-cba.infd.edu.ar<\/span><br \/>\n<\/span><\/li>\n<\/ul>\n<\/blockquote>\n","protected":false},"excerpt":{"rendered":"<p>\u00a0 Escuela Normal Superior Juan Baustista Alberdi Horarios de atenci\u00f3n: 7.30 a 23.00 hs Direcci\u00f3n: Espa\u00f1a 170\u00a0\u00a0 &#8211;\u00a0\u00a0 De\u00e1n Funes (Cba.) Tel\u00e9fonos: 03521-426220 E-mail de consultas: ens_juan_b_alberdi@yahoo.com.ar URL: http:\/\/ensalberdi-cba.infd.edu.ar<\/p>\n","protected":false},"author":183,"featured_media":0,"parent":0,"menu_order":0,"comment_status":"closed","ping_status":"closed","template":"","meta":[],"acf":[],"_links":{"self":[{"href":"https:\/\/ensalberdi-cba.infd.edu.ar\/sitio\/wp-json\/wp\/v2\/pages\/804"}],"collection":[{"href":"https:\/\/ensalberdi-cba.infd.edu.ar\/sitio\/wp-json\/wp\/v2\/pages"}],"about":[{"href":"https:\/\/ensalberdi-cba.infd.edu.ar\/sitio\/wp-json\/wp\/v2\/types\/page"}],"author":[{"embeddable":true,"href":"https:\/\/ensalberdi-cba.infd.edu.ar\/sitio\/wp-json\/wp\/v2\/users\/183"}],"replies":[{"embeddable":true,"href":"https:\/\/ensalberdi-cba.infd.edu.ar\/sitio\/wp-json\/wp\/v2\/comments?post=804"}],"version-history":[{"count":2,"href":"https:\/\/ensalberdi-cba.infd.edu.ar\/sitio\/wp-json\/wp\/v2\/pages\/804\/revisions"}],"predecessor-version":[{"id":1279,"href":"https:\/\/ensalberdi-cba.infd.edu.ar\/sitio\/wp-json\/wp\/v2\/pages\/804\/revisions\/1279"}],"wp:attachment":[{"href":"https:\/\/ensalberdi-cba.infd.edu.ar\/sitio\/wp-json\/wp\/v2\/media?parent=804"}],"curies":[{"name":"wp","href":"https:\/\/api.w.org\/{rel}","templated":true}]}}